ided by 80.
46
Calculate the remainder when 16261 is divided by 8127.
7
What is the remainder when 91411 is divided by 272?
19
Calculate the remainder when 3305 is divided by 365.
20
What is the remainder when 27592 is divided by 300?
292
What is the remainder when 1735 is divided by 70?
55
Calculate the remainder when 356915 is divided by 237.
230
Calculate the remainder when 8427 is divided by 924.
111
What is the remainder when 30079 is divided by 338?
335
What is the remainder when 12404 is divided by 6004?
396
What is the remainder when 5875273 is divided by 465?
463
Calculate the remainder when 5621 is divided by 1873.
2
Calculate the remainder when 13794 is divided by 632.
522
What is the remainder when 56501 is divided by 86?
85
Calculate the remainder when 18719 is divided by 3117.
17
What is the remainder when 341250 is divided by 27?
24
What is the remainder when 37901 is divided by 92?
89
What is the remainder when 41728 is divided by 264?
16
What is the remainder when 181672 is divided by 90836?
0
What is the remainder when 25801 is divided by 3218?
57
Calculate the remainder when 60604 is divided by 10100.
4
What is the remainder when 8572 is divided by 182?
18
What is the remainder when 118244 is divided by 1500?
1244
What is the remainder when 5955 is divided by 5947?
8
What is the remainder when 24826 is divided by 354?
46
What is the remainder when 876593 is divided by 292196?
5
What is the remainder when 2628 is divided by 254?
88
What is the remainder when 17498 is divided by 972?
2
What is the remainder when 220072 is divided by 19?
14
What is the remainder when 10400 is divided by 2077?
15
Calculate the remainder when 401819 is divided by 32.
27
Calculate the remainder when 23137 is divided by 13.
10
What is the remainder when 95217 is divided by 5601?
0
Calculate the remainder when 172591 is divided by 446.
435
What is the remainder when 6353 is divided by 227?
224
Calculate the remainder when 326290 is divided by 79.
20
Calculate the remainder when 35646 is divided by 47.
20
Calculate the remainder when 1452 is divided by 32.
12
What is the remainder when 43772 is divided by 14?
8
Calculate the remainder when 6461 is divided by 29.
23
Calculate the remainder when 18316 is divided by 6104.
4
Calculate the remainder when 9621 is divided by 17.
16
What is the remainder when 1935 is divided by 272?
31
Calculate the remainder when 135850 is divided by 45271.
37
What is the remainder when 2741 is divided by 1221?
299
Calculate the remainder when 1436 is divided by 477.
5
Calculate the remainder when 302468 is divided by 2585.
23
Calculate the remainder when 9445 is divided by 40.
5
What is the remainder when 98442 is divided by 2344?
2338
Calculate the remainder when 4636 is divided by 116.
112
What is the remainder when 496 is divided by 225?
46
What is the remainder when 45176 is divided by 16?
8
What is the remainder when 773 is divided by 357?
59
What is the remainder when 1430407 is divided by 626?
623
What is the remainder when 58517 is divided by 4876?
5
What is the remainder when 16674 is divided by 126?
42
Calculate the remainder when 7844 is divided by 247.
187
What is the remainder when 35657 is divided by 687?
620
What is the remainder when 3205 is divided by 31?
12
What is the remainder when 160073 is divided by 53348?
29
Calculate the remainder when 2138 is divided by 2136.
2
What is the remainder when 578395 is divided by 19?
16
What is the remainder when 130 is divided by 27?
22
Calculate the remainder when 31453 is divided by 281.
262
Calculate the remainder when 109989 is divided by 29.
21
Calculate the remainder when 217150 is divided by 117.
115
What is the remainder when 66277 is divided by 576?
37
Calculate the remainder when 21173 is divided by 2518.
1029
What is the remainder when 312 is divided by 79?
75
Calculate the remainder when 123660 is divided by 1022.
1020
Calculate the remainder when 935224 is divided by 46.
44
Calculate the remainder when 4305 is divided by 361.
334
Calculate the remainder when 9041 is divided by 1121.
73
What is the remainder when 244616 is divided by 201?
200
What is the remainder when 10640 is divided by 66?
14
Calculate the remainder when 1319317 is divided by 9.
7
What is the remainder when 1488 is divided by 211?
11
What is the remainder when 5370 is divided by 448?
442
Calculate the remainder when 16482 is divided by 4087.
134
Calculate the remainder when 6550 is divided by 3187.
176
What is the remainder when 57153 is divided by 14286?
9
Calculate the remainder when 34025 is divided by 17011.
3
Calculate the remainder when 2348 is divided by 1019.
310
Calculate the remainder when 1481 is divided by 77.
18
Calculate the remainder when 27406 is divided by 80.
46
Calculate the remainder when 1525485 is divided by 16.
13
What is the remainder when 7761 is divided by 293?
143
What is the remainder when 539614 is divided by 40?
14
What is the remainder when 8982 is divided by 250?
232
What is the remainder when 9796 is divided by 70?
66
Calculate the remainder when 40176 is divided by 2114.
10
Calculate the remainder when 3745081 is divided by 826.
823
What is the remainder when 277631 is divided by 128?
127
What is the remainder when 1582 is divided by 787?
8
Calculate the remainder when 241460 is divided by 502.
500
Calculate the remainder when 243405 is divided by 212.
29
Calculate the remainder when 503566 is divided by 51.
43
What is the remainder when 31694 is divided by 16?
14
Calculate the remainder when 2932665 is divided by 389.
383
What is the remainder when 10910 is divided by 2412?
1262
What is the remainder when 40450 is divided by 356?
222
What is the remainder when 96279 is divided by 4813?
19
Calculate the remainder when 5707 is divided by 34.
29
Calculate the remainder when 6682 is divided by 1058.
334
What is the remainder when 10441 is divided by 768?
457
What is the remainder when 4058716 is divided by 69?
67
Calculate the remainder when 8024 is divided by 1965.
164
Calculate the remainder when 11815 is divided by 164.
7
Calculate the remainder when 283600 is divided by 422.
16
What is the remainder when 110397 is divided by 92?
89
Calculate the remainder when 81902 is divided by 23.
22
Calculate the remainder when 4826315 is divided by 132.
131
Calculate the remainder when 1101310 is divided by 35.
0
Calculate the remainder when 996 is divided by 202.
188
What is the remainder when 1252 is divided by 113?
9
What is the remainder when 424 is divided by 156?
112
Calculate the remainder when 421027 is divided by 134.
133
Calculate the remainder when 1914 is divided by 1913.
1
What is the remainder when 24622 is divided by 4923?
7
What is the remainder when 15781 is divided by 5252?
25
Calculate the remainder when 17388 is divided by 2479.
35
Calculate the remainder when 586 is divided by 175.
61
Calculate the remainder when 2789 is divided by 143.
72
What is the remainder when 188909 is divided by 8?
5
What is the remainder when 1174783 is divided by 27?
13
Calculate the remainder when 3747 is divided by 849.
351
Calculate the remainder when 33576 is divided by 137.
11
What is the remainder when 15035 is divided by 7379?
277
Calculate the remainder when 23745 is divided by 37.
28
Calculate the remainder when 131725 is divided by 813.
19
What is the remainder when 83255 is divided by 771?
758
Calculate the remainder when 175522 is divided by 119.
116
Calculate the remainder when 213591 is divided by 3390.
21
Calculate the remainder when 108534 is divided by 6.
0
What is the remainder when 4927 is divided by 852?
667
Calculate the remainder when 2365962 is divided by 203.
200
What is the remainder when 92156 is divided by 30716?
8
Calculate the remainder when 4390 is divided by 336.
22
What is the remainder when 53542 is divided by 138?
136
Calculate the remainder when 241024 is divided by 31.
30
Calculate the remainder when 2210 is divided by 154.
54
Calculate the remainder when 5450990 is divided by 41.
40
What is the remainder when 751 is divided by 265?
221
What is the remainder when 29216 is divided by 521?
40
What is the remainder when 9210 is divided by 4600?
10
What is the remainder when 17777 is divided by 292?
257
What is the remainder when 